 s + w*s + 25. Is o(s) a composite number?
True
Let g = -181616 - -285157. Is g a composite number?
True
Let c = -58343 - -88354. Is c prime?
True
Let h = -116 + 123. Suppose 256377 = -h*b + 40*b. Is b prime?
False
Let t(y) = -267*y - 9. Is t(-4) a prime number?
False
Let a(v) be the third derivative of 275*v**4/8 - 337*v**3/6 - 270*v**2. Is a(38) composite?
False
Let n be (-1)/(-5 - 36/(-8)). Is 196977/(-22)*((-4)/(-3) - n) composite?
True
Suppose 488*t - 491*t = -21513. Is t a prime number?
False
Suppose -y + 6*y - 214879 = -3*l, -l - 214887 = -5*y. Is y prime?
False
Suppose -9114176 = -53*v - 474169. Is v a composite number?
False
Let x be ((-6)/((-18)/(-3)))/(3/18). Is 40/x*1932/(-112) a composite number?
True
Let k = -5189 - -2494. Let s = -1580 - k. Let d = s + -442. Is d a prime number?
True
Let w be (-82534)/(-5) + 4/20 + -3. Suppose 3*o - c - 49532 = 4*c, -3*c - w = -o. Is o prime?
True
Let s(j) = -4780*j. Let l = 59 - 60. Let i be s(l). Suppose -x - 3585 = -3*q - 4*x, 0 = -4*q + x + i. Is q a prime number?
False
Let r(o) = o**3 + 24*o**2 + 9*o - 4. Let v be r(-22). Let b = 2127 - v. Suppose -9*f + b = -8*f. Is f prime?
True
Let n(q) = 49*q + 32. Suppose 3*t - 61 = -4*l + 23, 63 = 3*l + 2*t. Is n(l) a composite number?
False
Suppose -6*o + 17 = -1. Let y be 1 + 48 - o - 4. Suppose 2*a = 424 + y. Is a a composite number?
False
Let o = -2819 - -7086. Suppose -2*x + o = 15*x. Is x a prime number?
True
Let r be (1 + 2)/((-6)/48). Let m be (0 + r/(-15))*13065/6. Suppose -c = -3*l + 3490, l - 4*l = 5*c - m. Is l a prime number?
True
Let b(h) = 14*h + h - 6 + 0 - 4*h. Is b(7) a composite number?
False
Suppose -3*a - 166414 = -5*i, 2*i + 2*a + 3*a = 66609. Is i prime?
True
Let a(s) = 813*s**2 - 12*s + 2. Let w be (-1 - -7 - 12) + 9. Is a(w) prime?
True
Is (7 - 2)*2641197/195 composite?
False
Let r = -87985 + 165456. Is r a composite number?
False
Is (7 + 1)/(70/7805)*(-509)/(-4) composite?
True
Is 40801*((-6)/(-22) - (-15640)/935) a prime number?
False
Let v = -68 + 116. Let g be 5/(20/6)*v. Is (1*2)/(g/31284) a prime number?
False
Suppose -3*y + 10126 = -v, -3*v - 6751 = -2*y - 2*v. Suppose y = 5*f - 2*k, 2*f + 3*f = -k + 3360. Is f a composite number?
False
Let j(m) = -6 - 13*m - m**2 + 15 - 12. Is j(-12) a prime number?
False
Suppose -8*f = 31 + 137. Let i be (-44)/(-14) - (-3)/f. Suppose i*c + c = 652. Is c a prime number?
True
Suppose -4*b = -51 + 11. Let m(u) = -u**3 + 25*u**2 - 13*u - 55. Is m(b) composite?
True
Is (-1 - (2 - 2))/(17/(-32470)*10) a composite number?
False
Suppose 8*f - 11850 = -22*f. Suppose 5*n - 840 + f = 0. Is n a composite number?
False
Suppose 0*m = 2*x - 5*m - 7430, 2*x + 2*m = 7458. Suppose 5*g = -3*h + x, -4*g - h - 2235 = -7*g. Is g a composite number?
True
Let k(x) = x**3 - 14*x**2 + 4*x + 2. Let h(z) = z**3 + 20*z**2 + 2*z - 4. Let q be h(-20). Let c = 58 + q. Is k(c) a composite number?
True
Suppose 4*b = 16, -b = 3*y - 162 - 304. Let c = -77 + y. Is c a composite number?
True
Suppose -17*a + 21*a + 702651 = 5*v, 0 = 5*a - 5. Is v prime?
False
Let i be ((-75)/(-4))/15*684. Let q = i - 34. Is q a composite number?
False
Suppose -73 = 21*p - 31. Is ((2 + 10191)/(-3 - p))/(-1) a prime number?
True
Let o(f) = 147*f - 52. Let v be o(7). Suppose -2*g = -v + 139. Is g a prime number?
True
Suppose -4*f + 301 = 41. Let y = f - 36. Let i = 9 + y. Is i composite?
True
Let r(m) = -72137*m - 639. Is r(-4) a prime number?
False
Let s = 347607 + -216235. Suppose 76*b - 80*b = -s. Is b a prime number?
True
Let z(x) be the second derivative of -17*x + 0 + 5/6*x**3 + 5/12*x**4 - 9/2*x**2. Is z(-5) a composite number?
True
Suppose -2*b - 3*k = 5, 2*b + b - 2*k = -1. Let t be b*(-3 + (0 - -3)) + 38. Is t/(-8)*132/(-3) a prime number?
False
Let h be (2 - 14/2)*-3. Suppose -4*t + 19 = -g - h, -2*g = -3*t + 23. Suppose -t*r + 16219 = -2*r. Is r prime?
False
Let l = -11284 + 41033. Is l prime?
False
Suppose -41*n + 907989 = -2397062. Is n composite?
False
Suppose -2*c - 2 = f - 7, 0 = 3*c + 4*f. Suppose 0*j - 5*j + 4*t + 22 = 0, 3*t = j. Suppose c*g + 158 = j*g. Is g composite?
False
Suppose 53*g = 54*g - 893. Let z = 1272 - g. Is z composite?
False
Let u(h) = 292*h**2 + 39*h + 205. Is u(14) composite?
True
Suppose 0 = p - 3. Suppose 2*w + 31 = 4*b - 9, -p*w = b + 60. Let d(v) = v**3 + 21*v**2 + 10*v + 15. Is d(w) composite?
True
Suppose -4*f - 5*a + 20 = 0, -f - a = 3*a - 16. Suppose 4*d - 20 = 0, -3*s + 3*d - d + 29219 = f. Is s a prime number?
True
Let w = 36 + -34. Suppose w = 2*q - 0, -3*v - 3*q = -1695. Let i = v + -353. Is i a prime number?
True
Let q(p) = 4*p**3 - 6*p**2 - 69*p + 24. Let m = -858 - -869. Is q(m) composite?
False
Suppose 605 = 3*a - c - 57, 0 = 3*a + 4*c - 682. Suppose 228*p = a*p + 19830. Is p a composite number?
True
Let s(h) = -16*h**2 - 5 + 18 + 11*h**2 - 24*h. Let v be s(12). Is 10/(-15) - v/3 a prime number?
True
Is (-23)/92*-84 - -2088968 composite?
True
Let n be 7 - ((-3 - 3304) + -2). Suppose -3*g = a - 3094 - n, -2*g = 4*a - 4270. Is g composite?
False
Let o = 143 + -140. Suppose 3*k = -d + 8987, -5*d + 5017 = o*k - 3978. Is k composite?
True
Let l(r) = 194*r**2 + 23*r + 22. Let g(y) = -y**2 + 3*y + 1. Let k(s) = -5*g(s) + l(s). Is k(-8) a prime number?
True
Let u = -33101 - -105532. Is u prime?
True
Is 8/(233343702/11111598 - 21) a composite number?
False
Is (3 + 2)/(-10)*-242014 - 4 a prime number?
False
Let x be 50/12 + (-140)/(-168). Suppose 222 + 623 = x*h. Is h a composite number?
True
Let a = 198 - 193. Suppose -1047 = -2*u - a*f, 3*u = -0*u + 5*f + 1558. Is u a composite number?
False
Is 3/2*209756336/408 prime?
True
Let n(q) = -7*q**3 + 2*q**2 - 2*q + 1. Let j be n(1). Let h be (j*(-1)/4)/(5/(-30)). Is ((-30)/h - 3)*633 prime?
True
Let y(j) = 151*j**2 + 7*j - 35. Let i be y(3). Let t = i - -9576. Is t a composite number?
True
Suppose -5*u - 3 = -3*y + 2, 0 = 3*u - 4*y + 14. Suppose -21 = -5*d + 2*r, r - 3 = u*d - 4*d. Is (-2)/6 + 3790/d - 4 prime?
True
Let h(c) = -63*c - 382. Let l be h(25). Let q = 308 + -1274. Let x = q - l. Is x composite?
False
Let s(u) = 18*u + 3. Let r be s(1). Suppose -22*h = -r*h - 3. Suppose -k - 2507 = -2*y, -3*y + h*k + 265 = -3491. Is y composite?
True
Suppose 4*u - 4*i = -75369 - 11499, 4*u + 86843 = -i. Let n = u - -31245. Is n a composite number?
False
Let q(m) = -m**2 - 23*m - 57. Let i be q(-3). Let x be (-38)/(-3) + 6/(-9). Suppose -i*l = x - 489. Is l composite?
True
Let x = 17723 + 36488. Is x prime?
False
Suppose 4*d - 2*b = 112496, -112502 = -4*d - 334*b + 339*b. Is d composite?
False
Let f = 1336 - -1040. Suppose -6*v = -2616 - f. Suppose 3*a + 4*j + v = 3831, -2*a = j - 1991. Is a prime?
False
Suppose 0 = -0*g - 4*g + 1360. Let f be (-1)/7*57 + 8 - (-832)/(-7). Let o = g + f. Is o prime?
False
Let r(g) = 175*g**3 + 17*g**2 - 76*g + 9. Is r(4) a prime number?
True
Is 22/((-396)/(-2058682)) + 2/(-9) a prime number?
True
Let x(w) = 2*w**3 - 24*w**2 - 2*w - 12. Let d be x(12). Let b be ((-16)/(-10))/(d/16290). Let s = -431 - b. Is s composite?
False
Let y = -6 + 25. Suppose -6*s - y = -37. Suppose 0 = -3*t - 2*f - 176 + 8971, 2939 = t - s*f. Is t prime?
False
Suppose 7036 = 26*l - 14206. Let r = -566 + l. Is r a prime number?
True
Suppose 0 = -2*d + 2, -2*d - 1162 = 3*u - 0*d. Suppose -29 = -29*a - 0. Is 11/((-22)/u) - (-1 + a) composite?
True
Let u = -3270 + 129343. Is u a composite number?
True
Let g be 4 + (4 + 3 + -2 - 2143). Let w = g - -6183. Is w composite?
False
Suppose 2*m - 170 + 14 = -5*n, -4*n - 4*m = -120. Let h = n + -34. Is ((-15)/(-10) - (h + 4))*-892 composite?
True
Suppose 10 = j - 6*j, -5*f + j = -17. Suppose -2*r = f*r - 45. Is (4 + -25)/(r/(-6)) prime?
False
Suppose 0 = -37*s + 3*s - 5032. Let t = s - -415. Is t a composite number?
True
Let m(a) = -236356*a**3 - 6*a**2 - 7*a - 4. Is m(-1) composite?
True
Let h(y) = 3926*y**2 - 282*y - 2221. Is h(-8) composite?
True
Let m(l) = -16*l**3 + 16*l**2 + 8*l - 33. Let x be m(-23). Suppose 29*f = 1618 + x. Is f prime?
False
Let r(s) = 122603*s - 4949. Is r(2) composite?
False
Suppose -c - 3721171 = 242*c - 13745893. Is c a prime number?
False
Suppose 24*j + 1 = 25*j. Let t(y) = -y**3 - y**2 - y - 1. Let c(v) = -3*v**3 - 17*v**2 - 5*v - 37. Let b(x) = j*c(x) - 4*t(x). Is b(14) a composi